Is i a composite number?
True
Suppose 33*z - 28*z = -74900. Is -1*(-2 + z/4) prime?
False
Let g(c) = 469*c**2 - 10*c + 352. Is g(15) a prime number?
True
Let q(t) = 12*t + 2. Let f be q(3). Let a = 55 - f. Let x(y) = y**2 + 12*y - 12. Is x(a) composite?
True
Suppose 0 = 7*h + 46 - 88. Is h/((-31698)/(-31686) - 1) a composite number?
True
Let b(n) = 21*n**3 + 12*n**2 - 153*n + 533. Is b(40) a composite number?
True
Suppose 5*u + 20 = -n, -3*u = -5*u - n - 11. Let l(b) = -2*b**2 - 7*b + 17. Let f(i) = -2*i**2 - 6*i + 17. Let t(q) = u*l(q) + 2*f(q). Is t(-8) prime?
False
Let k be ((-576)/(-28))/(21/1862). Let t = k - -405. Is t a composite number?
True
Suppose -265544 = -g - s, 0 = -45*g + 41*g + 6*s + 1062126. Is g a prime number?
False
Let k(s) = -9*s**3 - s**2 + 12*s + 23. Is k(-18) composite?
False
Let i = -62907 + 99430. Is i a prime number?
True
Let q be ((-1734)/(-12))/((-3)/(-4) - 1). Let k = q + 1189. Is k composite?
True
Let s(m) = m**3 - 6*m**2 - 3*m + 18. Let y be s(5). Let f(h) = 59*h**2 + 4*h + 43. Is f(y) composite?
True
Suppose -54*h - 76*h = -2*h - 17393536. Is h composite?
False
Suppose 5*z - y + 49999 = 0, 0 = -5*z - 2*y - 46366 - 3636. Let r = z + 14629. Is r a composite number?
True
Suppose -5*m + 108616 = 4*c, -6 + 2 = -m. Is c composite?
True
Let z(a) = -2*a**3 + 24*a**2 + 7*a + 28. Let g(v) = -v**3 + 23*v**2 + 8*v + 28. Let l(i) = -3*g(i) + 2*z(i). Is l(-25) a prime number?
False
Let w(t) = -55*t - 212. Suppose -4*p + h = 168, -5*h + 81 = -3*p - 28. Is w(p) a composite number?
False
Let c = 30 - 26. Let i be (-5 - (-5 + 0)) + c. Is (i/(-2))/(-12) + 11146/12 prime?
True
Suppose -3*w + 2*w = 4*b + 13, 2*b + 11 = -w. Let t(d) = -116*d - 35. Is t(w) a composite number?
False
Let d(p) = 41*p**3 - p**2 - 2*p - 1. Let i = 227 - 225. Is d(i) composite?
True
Let a = -685 - -1527. Let p = a + -321. Is p a prime number?
True
Suppose -4*i = -16, -675*c + 679*c - i = 858648. Is c a prime number?
True
Suppose 20164 + 33342 = -2*n. Let s = -18436 - n. Is s prime?
True
Let i(m) = 18*m**3 - 3*m**2 - 17*m + 43. Is i(19) prime?
True
Let k(g) = -47*g**3 - 2*g**2 + 2*g - 1. Let y be k(1). Let t = -44 - y. Let i(r) = 85*r**2 + 9*r + 3. Is i(t) composite?
False
Suppose -5*o = h - 41925, -o + h - 33541 = -5*o. Let m = o + -4335. Is m prime?
True
Suppose 1364111 = 116*y - 554181. Is y prime?
False
Suppose 0 = -26*w - 20*w + 8*w + 3754514. Is w a composite number?
True
Let j = 3 + 2. Suppose -11600 = -j*y - 0*y. Suppose -t - 3*m + 2188 = 0, 0 = -5*t - 4*m + 8675 + y. Is t composite?
False
Suppose 2*m + 2746 = -1020. Let h = m + 662. Let f = -700 - h. Is f composite?
False
Let h = -168 - -361. Suppose -4*a + 4619 + h = 0. Is a a prime number?
False
Suppose 26*k - 37940 = 22959 - 397. Is k a composite number?
True
Let u(i) = 6767*i - 15. Is u(18) composite?
True
Let q be (4 - (-5 + -2 + 2)) + -5. Let s be 2/4*2 - 1. Suppose q*x - 3696 - 276 = s. Is x composite?
True
Let z(k) = -33259*k - 27. Let t be z(9). Is -1 + 4/14 + t/(-63) a composite number?
False
Let p = 20678 + -14667. Suppose -7*t - p = -4*n - 12*t, 3*n = 5*t + 4482. Is n composite?
False
Let z(q) = -2*q + 89. Let m(x) = 2*x + 11 - 100 + 0*x. Let u(c) = 5*m(c) + 6*z(c). Is u(0) a prime number?
True
Let z = -2618544 + 4205927. Is z a prime number?
False
Let t(z) = 109020*z**2 - 233*z + 12. Is t(3) a prime number?
False
Let h be -165 + 177 + ((-3)/1)/1. Let o(a) = 37*a**2 - 12*a + 12. Is o(h) a prime number?
False
Let y(k) = -2*k**3 - 12*k**2 - 8*k - 48. Let c be y(-6). Suppose -3*x = -2*v + 21, 3 = 4*v + 3*x + 6. Suppose c*w + 1227 = v*w. Is w a prime number?
True
Let a(d) = 74*d + 31. Let b be a(20). Suppose -2*r + 3851 + b = 0. Suppose -1400 = -7*l + r. Is l prime?
False
Suppose 3*w + 5*q = -1217, 4*w - q = -0*w - 1638. Let a = w + 184. Is 5*(-10)/a + 10681/9 a composite number?
False
Suppose m - 5 = l, -m - 20 = -2*l - 5*m. Suppose -2*x + 3382 + 2776 = l. Is x a composite number?
False
Let f(g) = g**3 - 4*g**2 + 4*g + 2. Let h be (2/5)/1 - (-96)/60. Let k be f(h). Suppose 1187 = k*m - 2427. Is m prime?
False
Let n = 388466 + -231403. Is n composite?
True
Let f be (1 + 1)*-2*78/24. Let a(o) = o + 18. Let p be a(f). Suppose 0 = p*z + 2*b - 2596 - 3701, 6285 = 5*z + 5*b. Is z prime?
False
Let r(d) = 202*d**2 - 37*d - 352. Is r(27) composite?
True
Suppose 60*k = -24*k - 55893 + 8479329. Is k composite?
False
Is (0 + (-2)/(-6))*(4 - -5) - -41156 a composite number?
True
Suppose 5*l - z + 76426 = 6*l, 4*l - 4*z = 305664. Is l composite?
False
Is (-39382095)/(-230)*(-4)/(-18)*3 a prime number?
False
Let a(s) = 26*s + 158. Let u be a(-6). Suppose 4*n + 3615 - 955 = 4*d, 0 = -n + u. Is d a prime number?
False
Let z(y) = -y**2 + 3. Let t be z(0). Suppose -7*s = -8*s + t. Suppose 5*u - 372 = -2*x + s*x, -84 = -u + 5*x. Is u prime?
False
Suppose v + 39899 + 9259 = 0. Let x = -34771 - v. Is x a prime number?
True
Suppose -4*p = -2*d - 100396, 5*p = 3*d - 36595 + 162086. Is p a composite number?
True
Suppose -5*z + 3*z - 17370 = 3*u, 5*u - 26036 = 3*z. Let m = z - -15865. Is m a prime number?
False
Let t(m) = -2*m**3 + 3*m**2 + 5*m - 5. Let g be t(8). Suppose -j = 2*d + 2950, 0 = -4*d - 0*j - 4*j - 5896. Let p = g - d. Is p a prime number?
False
Let n be ((-9)/(-15) - -1)/((-8)/(-20)). Is ((-148)/370)/(n/(-287270)) a prime number?
False
Suppose 123245 - 839186 = -9*a. Is a prime?
True
Suppose a + 6 = 15. Let p(n) = 1000*n + a - 4 + 978*n. Is p(3) prime?
True
Suppose -2*s = 2*s + 20, 5*j - 2*s - 20 = 0. Suppose 5 - 13 = -j*b. Is 716*(-4 + 19/b) a prime number?
False
Let a = -830293 + 1575906. Is a a prime number?
False
Suppose 4*c - 26 = -0*c + 2*q, c = -2*q - 6. Suppose s - 3251 = -2*h + 1682, 0 = -c*h - 12. Is s a composite number?
True
Is (12 - -11426) + (-40)/(-32)*4 composite?
False
Let u = -424 + 442. Is (-22)/u + 1 - (-1699925)/225 a prime number?
False
Suppose -5*n = 168 - 128, 0 = 2*g + 2*n - 150838. Is g a prime number?
False
Is (4 - (-3011239)/28)*4 a composite number?
False
Let r be ((-64)/(-28))/4*14. Suppose -5*g - 26610 = -r*g. Let u = -6237 + g. Is u composite?
False
Let q be 15*6/(-27)*(-9)/(-6). Is 6521/(q - 6/4*-4) composite?
False
Suppose -2*n = 1 - 45. Suppose 0 = -7*l + n*l - 120525. Is l a prime number?
False
Let o(c) = -c**3 - 8*c**2 - 8*c + 24. Let y be o(-6). Suppose -r = y, 2*n - 6*r - 1562 = -r. Is n composite?
True
Let m be (-1*(-2 + -27))/1. Let b be m/(-4)*2 - 3/(-6). Is (-2258)/b - (-10)/(-35) composite?
True
Let t = 221439 - 127190. Is t a composite number?
True
Let p = 28197 - 5404. Is p composite?
True
Let j(w) = -263*w + 58*w - 36 - 164*w + 7. Is j(-12) a composite number?
True
Suppose 14849626 = 164*l + 5958811 - 11244613. Is l prime?
True
Let c = 51740 + -15051. Is c a composite number?
True
Suppose -5*b + 34 = -3*r, 3*b + 40 - 6 = -5*r. Is 404/r*((-2 - 21) + 1) prime?
False
Suppose 0 = 17*t - 3427240 + 332781. Is t prime?
True
Suppose -18*q = 3*o - 22*q - 332019, -2*o - 4*q + 221386 = 0. Is o a composite number?
False
Is -1*1*-66169*-4*(-55)/44 a prime number?
False
Suppose -12*l + 216957 + 27951 = 44856. Is l a prime number?
False
Suppose 0*u + 3*s = 2*u + 13, 3*s = 9. Let k(n) = -79*n**2 - 2*n - 8. Let f be k(u). Let w = 573 + f. Is w prime?
False
Is 10/5*(-16 - -5225) composite?
True
Let a(i) = -677*i + 2. Let t = 164 - 165. Is a(t) prime?
False
Let b = -114 + 120. Suppose b*s + 6*s = 19884. Is s composite?
False
Suppose 16*r = 5*r. Suppose -f - 60 - 582 = r. Let i = f + 2039. Is i a composite number?
True
Let c = 18667 + -28818. Let m = -5010 - c. Is m composite?
True
Suppose -60*v + 276*v - 43738404 = -52*v. Is v composite?
True
Let o(c) = c**3 - 27*c**2 + 51*c - 19. Let j be o(25). Let h(u) = 120*u + 93. Is h(j) prime?
False
Let g(r) = 14*r**2 + 21*r - 87. Let j be g(16). Suppose 2*y + j = t, -4*t = 4*y + 2848 - 18180. Is t a composite number?
False
Suppose 10*x = 755330 + 106420. Is (-4)/38 - x/(-95) a prime number?
True
Is (-6)/4*(18897654/10)/(2871/(-3190)) a prime number?
True
Suppose j + 1 = 0, 3*o + 6*j = j + 56446. Suppose o = 14*d - 54109. Is d a prime number?
True
Suppose 2*w = -4*n + 106558, 4*w + n = -w + 266422. Is w composite?
True
Let h = 344751 + -135670. Is h a prime number?
False
Let y = -66 - -86. Is (y/7 - 3)*-2317 a composite number?
